2 + 110210012102?
110210012111
In base 4, what is -1002 + 2321003011?
2321002003
In base 13, what is -101 + 73951?
73850
In base 5, what is -12210344104 + -3?
-12210344112
In base 12, what is -1a5 - 1a72b?
-1a914
In base 8, what is 0 + 76346153?
76346153
In base 6, what is 3 - -445335101?
445335104
In base 9, what is -2060452 + 41?
-2060411
In base 8, what is -173454 + -5?
-173461
In base 15, what is -e74 - b6b?
-1ae0
In base 11, what is -a6659a - 57?
-a66646
In base 9, what is 11 + -661048?
-661037
In base 2, what is 101001 + -100111101000000110?
-100111100111011101
In base 7, what is -226222 - 25025?
-254250
In base 2, what is -1111101010 + 1100010100111100?
1100000101010010
In base 9, what is 44022414 - 0?
44022414
In base 8, what is 7 - -2742432?
2742441
In base 16, what is -a18367 + -12?
-a18379
In base 7, what is -366140 + -30?
-366200
In base 7, what is 232305 - 24151?
205124
In base 6, what is 20243352132 + 4?
20243352140
In base 15, what is -16c787 - -30?
-16c757
In base 3, what is -12211220020112102 - 12?
-12211220020112121
In base 15, what is -12324 + b2b?
-116e8
In base 9, what is 8321 - 1158?
7152
In base 5, what is 13123203 + 230?
13123433
In base 7, what is 224236053 + 6?
224236062
In base 9, what is -6 + 1336072?
1336065
In base 14, what is -12206 + -8d?
-12295
In base 14, what is -1 + -36bdb2db?
-36bdb2dc
In base 13, what is 1 - -ca40b5?
ca40b6
In base 10, what is -21678219 - -12?
-21678207
In base 7, what is -35332 - 2?
-35334
In base 3, what is 1122 - -2012211120102?
2012211122001
In base 10, what is 94 + 131574?
131668
In base 3, what is 110022220 - -11022202120?
11210002110
In base 12, what is -10 - -332791?
332781
In base 5, what is 114042444 - 42?
114042402
In base 11, what is -120 + a33838?
a33718
In base 11, what is -955 + 35307?
34462
In base 11, what is -1831245 + -5?
-183124a
In base 12, what is 1960923 + -59?
1960886
In base 7, what is 23216 + -4301?
15615
In base 3, what is 1112121 - 122201211?
-121012020
In base 16, what is 1d8c04 + 4?
1d8c08
In base 5, what is 322440123400 + 4?
322440123404
In base 9, what is 105 - -426284?
426400
In base 8, what is -1514251 + 402?
-1513647
In base 15, what is 0 + 3cdd?
3cdd
In base 10, what is -75903 + -77?
-75980
In base 3, what is 100 - -1200112110212?
1200112111012
In base 10, what is 2491757 + -4?
2491753
In base 15, what is -49e890c3 + 3?
-49e890c0
In base 16, what is -12ba31b8 - -5?
-12ba31b3
In base 7, what is 2230416 + -2061?
2225325
In base 11, what is -65a + 621282?
620723
In base 13, what is 1057067 - -8?
1057072
In base 2, what is 1111 + 111100001000101000?
111100001000110111
In base 10, what is -244287 + -18?
-244305
In base 8, what is -3 - -220123203?
220123200
In base 9, what is 25616644 - -5?
25616650
In base 5, what is 0 - 1042220000?
-1042220000
In base 3, what is -2022 + -121202012200?
-121202021222
In base 7, what is 123443533 - -3?
123443536
In base 9, what is -276622 - 70?
-276702
In base 4, what is 1121200122 - -1020?
1121201202
In base 2, what is -1110100111000111000 + -110101110?
-1110100111111100110
In base 4, what is -101 + -1300303231?
-1300303332
In base 16, what is 0 - -a0b579d?
a0b579d
In base 8, what is 152 + -12421?
-12247
In base 2, what is 1000010110101110000111 + -100?
1000010110101110000011
In base 15, what is -7a9 + 65b?
-14d
In base 4, what is 212 - -202123103?
202123321
In base 16, what is 1b - -176417?
176432
In base 2, what is -10011001100100011001001 - 10?
-10011001100100011001011
In base 8, what is -3760 - 144450?
-150430
In base 14, what is 5 + 45acb9?
45acc0
In base 16, what is 4 + 20a37?
20a3b
In base 15, what is 3 - 1ce25e0?
-1ce25dc
In base 12, what is -104 - 7289?
-7391
In base 3, what is 101010021102011 + 0?
101010021102011
In base 5, what is 3 + -131244411011?
-131244411003
In base 14, what is b4cb196 + 2?
b4cb198
In base 9, what is 3428421 - -24?
3428445
In base 13, what is 7 - -102837?
102841
In base 11, what is -106 + -29958a7?
-2995a02
In base 9, what is 46081682 - -6?
46081688
In base 7, what is -46 + -45454611?
-45454660
In base 16, what is 1c262 - -1424?
1d686
In base 7, what is -2000426 - -53?
-2000343
In base 6, what is -1324 + 2355342?
2354014
In base 10, what is 1197792 + 1?
1197793
In base 10, what is -17058 - -370?
-16688
In base 5, what is -423 + 30240141?
30234213
In base 12, what is -4a759709 + 3?
-4a759706
In base 5, what is 2 - -22011134101?
22011134103
In base 11, what is 319220a + -80?
319213a
In base 12, what is 6772733 + -7?
6772728
In base 4, what is 1002 - -1010303131?
1010310133
In base 8, what is -2 - -23102342?
23102340
In base 5, what is -32030314 - 34?
-32030403
In base 4, what is 3012 + -23310312?
-23301300
In base 13, what is -74a - -11c6?
779
In base 12, what is -451240 - 6?
-451246
In base 9, what is 2 + -3072554?
-3072552
In base 12, what is 79 - -2bb034?
2bb0b1
In base 15, what is -e1a + c60?
-1aa
In base 2, what is 11100111101111000010001011110 - -10?
11100111101111000010001100000
In base 16, what is -2 - -8213cf?
8213cd
In base 12, what is -127b - 366?
-1625
In base 15, what is -5 + -c4eb7c?
-c4eb82
In base 9, what is -16154288 - -11?
-16154277
In base 12, what is -5b3 - a3392?
-a3985
In base 3, what is -2121012 + 12220212?
10022200
In base 5, what is -232 - 1122441211?
-1122441443
In base 9, what is 77553 - 678?
76764
In base 10, what is 839 + -13356?
-12517
In base 9, what is 132 - 260758?
-260626
In base 11, what is 747388 - -31?
747409
In base 8, what is 375772 - -24?
376016
In base 2, what is 1001010 - 11110001110001111101111?
-11110001110001110100101
In base 12, what is 173a2741 + -1?
173a2740
In base 2, what is 10100101101100 - 1010111111001?
1001101110011
In base 15, what is -4 - e28935?
-e28939
In base 3, what is 221120001221 - 1000121?
221112001100
In base 12, what is 40a0495 + 3?
40a0498
In base 8, what is -333126 - -60?
-333046
In base 10, what is -6592482 - 5?
-6592487
In base 10, what is 1086068 - 26?
1086042
In base 3, what is -220120111 + -112212?
-221010100
In base 15, what is a - cc3ba?
-cc3b0
In base 9, what is -2058 - 211146?
-213215
In base 7, what is 166132 - -416?
166551
In base 8, what is 412 - 275232?
-274620
In base 9, what is 2371 - 12323?
-8842
In base 6, what is -21141152 + -2?
-21141154
In base 13, what is -5ca925 - 3?
-5ca928
In base 15, what is -130 + -463d6?
-46516
In base 13, what is 8a93 - 127?
8969
In base 9, what is -536485 - -345?
-536140
In base 2, what is -1111001101100011101001 - 10?
-1111001101100011101011
In base 5, what is 122404102241 - 1?
122404102240
In base 2, what is 100100101011100001100111000 + 1?
100100101011100001100111001
In base 4, what is 3223210212 - 11?
3223210201
In base 14, what is 1a90 + 3c9c?
594c
In base 3, what is 12 + 12101211202211001?
12101211202211020
In base 13, what is -4 - 1b1b0c0?
-1b1b0c4
In base 9, what is -1114 - -545853?
544738
In base 7, what is -536 - -2532631?
2532062
In base 9, what is -646 + -131255?
-132012
In base 2, what is -100011100010000 - -1001000000000101?
100100011110101
In base 10, what is 960772 + 43?
960815
In base 9, what is 2 + -4606500?
-4606487
In base 15, what is 6 - -13ca97?
13ca9d
In base 7, what is -3524351436 - -4?
-3524351432
In base 8, what is -1 + -257645265?
-257645266
In base 2, what is -11000101110000111 + -10100000?
-11000110000100111
In base 12, what is 54716aa - 10?
547169a
In base 11, what is 12a5 + -1798?
-4a3
In base 6, what is 243313 - 23100?
220213
In base 14, what is -6cd5 - 2d2?
-71c7
In base 6, what is -11332214 + 100?
-11332114
In base 2, what is 1111100110 - 11101010110111?
-11011011010001
In base 3, what is 211 - -122002120111?
122002121022
In base 10, what is -117893 + 837?
-117056
In base 16, what is 11a3 + -759?
a4a
In base 2, what is 11100011100 + -100000?
11011111100
In base 8, what is -5002 + -121363?
-126365
In base 7, what is -465511 - 2552?
-501363
In base 8, what is 0 + 13356712?
13356712
In base 6, what is 1 + 10104123330?
10104123331
In base 13, what is 7 - -9b232?
9b239
In base 14, what is b755a - 3d4?
b7166
In base 12, what is -6a6 - 832?
-1318
In base 16, what is 34a + -2247?
-1efd
In base 16, what is e4618 - b?
e460d
In base 5, what is -2004 + 1213110?
1211101
In base 9, what is -8 - 21232425?
-21232434
In base 6, what is 122415023 + -4?
122415015
In